{"id":2592,"date":"2024-02-22T11:35:57","date_gmt":"2024-02-22T10:35:57","guid":{"rendered":"https:\/\/www.saarhafen.de\/wp-content\/uploads\/sites\/9\/2024\/02\/1000025943-scaled.jpg"},"modified":"2024-02-22T11:35:57","modified_gmt":"2024-02-22T10:35:57","slug":"1000025943-3","status":"inherit","type":"attachment","link":"https:\/\/www.saarhafen.de\/fr\/1000025943-3\/","title":{"rendered":"1000025943"},"author":7,"featured_media":0,"comment_status":"closed","ping_status":"closed","template":"","meta":{"_acf_changed":false},"class_list":["post-2592","attachment","type-attachment","status-inherit","hentry"],"acf":[],"yoast_head":"<!-- This site is optimized with the Yoast SEO plugin v27.4 - https:\/\/yoast.com\/product\/yoast-seo-wordpress\/ -->\n<title>1000025943 - Hafenbetriebe Saar<\/title>\n<meta name=\"robots\" content=\"index, follow, max-snippet:-1, max-image-preview:large, max-video-preview:-1\" \/>\n<link rel=\"canonical\" href=\"https:\/\/www.saarhafen.de\/wp-content\/uploads\/sites\/9\/2024\/02\/1000025943-scaled.jpg\" \/>\n<meta property=\"og:locale\" content=\"fr_FR\" \/>\n<meta property=\"og:type\" content=\"article\" \/>\n<meta property=\"og:title\" content=\"1000025943 - Hafenbetriebe Saar\" \/>\n<meta property=\"og:description\" content=\"Erl\u00e4utern den Status Quo (v.links nach rechts): Rita Gindorf-Wagner, Thomas Schuck, beide Gesch\u00e4ftsf\u00fchrung SCN und Pressesprecher Dr. Jochen Wagner\" \/>\n<meta property=\"og:url\" content=\"https:\/\/www.saarhafen.de\/wp-content\/uploads\/sites\/9\/2024\/02\/1000025943-scaled.jpg\" \/>\n<meta property=\"og:site_name\" content=\"Hafenbetriebe Saar\" \/>\n<meta property=\"og:image\" content=\"https:\/\/www.saarhafen.de\/wp-content\/uploads\/sites\/9\/2024\/02\/1000025943-scaled.jpg\" \/>\n\t<meta property=\"og:image:width\" content=\"2560\" \/>\n\t<meta property=\"og:image:height\" content=\"1920\" \/>\n\t<meta property=\"og:image:type\" content=\"image\/jpeg\" \/>\n<meta name=\"twitter:card\" content=\"summary_large_image\" \/>\n<script type=\"application\/ld+json\" class=\"yoast-schema-graph\">{\"@context\":\"https:\\\/\\\/schema.org\",\"@graph\":[{\"@type\":\"WebPage\",\"@id\":\"https:\\\/\\\/www.saarhafen.de\\\/wp-content\\\/uploads\\\/sites\\\/9\\\/2024\\\/02\\\/1000025943-scaled.jpg\",\"url\":\"https:\\\/\\\/www.saarhafen.de\\\/wp-content\\\/uploads\\\/sites\\\/9\\\/2024\\\/02\\\/1000025943-scaled.jpg\",\"name\":\"1000025943 - Hafenbetriebe Saar\",\"isPartOf\":{\"@id\":\"https:\\\/\\\/www.saarhafen.de\\\/#website\"},\"datePublished\":\"2024-02-22T10:35:57+00:00\",\"breadcrumb\":{\"@id\":\"https:\\\/\\\/www.saarhafen.de\\\/wp-content\\\/uploads\\\/sites\\\/9\\\/2024\\\/02\\\/1000025943-scaled.jpg#breadcrumb\"},\"inLanguage\":\"fr-FR\",\"potentialAction\":[{\"@type\":\"ReadAction\",\"target\":[\"https:\\\/\\\/www.saarhafen.de\\\/wp-content\\\/uploads\\\/sites\\\/9\\\/2024\\\/02\\\/1000025943-scaled.jpg\"]}]},{\"@type\":\"BreadcrumbList\",\"@id\":\"https:\\\/\\\/www.saarhafen.de\\\/wp-content\\\/uploads\\\/sites\\\/9\\\/2024\\\/02\\\/1000025943-scaled.jpg#breadcrumb\",\"itemListElement\":[{\"@type\":\"ListItem\",\"position\":1,\"name\":\"Home\",\"item\":\"https:\\\/\\\/www.saarhafen.de\\\/fr\\\/\"},{\"@type\":\"ListItem\",\"position\":2,\"name\":\"1000025943\"}]},{\"@type\":\"WebSite\",\"@id\":\"https:\\\/\\\/www.saarhafen.de\\\/#website\",\"url\":\"https:\\\/\\\/www.saarhafen.de\\\/\",\"name\":\"Hafenbetriebe Saar\",\"description\":\"Eine weitere SHS | Strukturholding Saar Seiten Seite\",\"potentialAction\":[{\"@type\":\"SearchAction\",\"target\":{\"@type\":\"EntryPoint\",\"urlTemplate\":\"https:\\\/\\\/www.saarhafen.de\\\/?s={search_term_string}\"},\"query-input\":{\"@type\":\"PropertyValueSpecification\",\"valueRequired\":true,\"valueName\":\"search_term_string\"}}],\"inLanguage\":\"fr-FR\"}]}<\/script>\n<!-- \/ Yoast SEO plugin. -->","yoast_head_json":{"title":"1000025943 - Hafenbetriebe Saar","robots":{"index":"index","follow":"follow","max-snippet":"max-snippet:-1","max-image-preview":"max-image-preview:large","max-video-preview":"max-video-preview:-1"},"canonical":"https:\/\/www.saarhafen.de\/wp-content\/uploads\/sites\/9\/2024\/02\/1000025943-scaled.jpg","og_locale":"fr_FR","og_type":"article","og_title":"1000025943 - Hafenbetriebe Saar","og_description":"Erl\u00e4utern den Status Quo (v.links nach rechts): Rita Gindorf-Wagner, Thomas Schuck, beide Gesch\u00e4ftsf\u00fchrung SCN und Pressesprecher Dr. Jochen Wagner","og_url":"https:\/\/www.saarhafen.de\/wp-content\/uploads\/sites\/9\/2024\/02\/1000025943-scaled.jpg","og_site_name":"Hafenbetriebe Saar","og_image":[{"width":2560,"height":1920,"url":"https:\/\/www.saarhafen.de\/wp-content\/uploads\/sites\/9\/2024\/02\/1000025943-scaled.jpg","type":"image\/jpeg"}],"twitter_card":"summary_large_image","schema":{"@context":"https:\/\/schema.org","@graph":[{"@type":"WebPage","@id":"https:\/\/www.saarhafen.de\/wp-content\/uploads\/sites\/9\/2024\/02\/1000025943-scaled.jpg","url":"https:\/\/www.saarhafen.de\/wp-content\/uploads\/sites\/9\/2024\/02\/1000025943-scaled.jpg","name":"1000025943 - Hafenbetriebe Saar","isPartOf":{"@id":"https:\/\/www.saarhafen.de\/#website"},"datePublished":"2024-02-22T10:35:57+00:00","breadcrumb":{"@id":"https:\/\/www.saarhafen.de\/wp-content\/uploads\/sites\/9\/2024\/02\/1000025943-scaled.jpg#breadcrumb"},"inLanguage":"fr-FR","potentialAction":[{"@type":"ReadAction","target":["https:\/\/www.saarhafen.de\/wp-content\/uploads\/sites\/9\/2024\/02\/1000025943-scaled.jpg"]}]},{"@type":"BreadcrumbList","@id":"https:\/\/www.saarhafen.de\/wp-content\/uploads\/sites\/9\/2024\/02\/1000025943-scaled.jpg#breadcrumb","itemListElement":[{"@type":"ListItem","position":1,"name":"Home","item":"https:\/\/www.saarhafen.de\/fr\/"},{"@type":"ListItem","position":2,"name":"1000025943"}]},{"@type":"WebSite","@id":"https:\/\/www.saarhafen.de\/#website","url":"https:\/\/www.saarhafen.de\/","name":"Hafenbetriebe Saar","description":"Eine weitere SHS | Strukturholding Saar Seiten Seite","potentialAction":[{"@type":"SearchAction","target":{"@type":"EntryPoint","urlTemplate":"https:\/\/www.saarhafen.de\/?s={search_term_string}"},"query-input":{"@type":"PropertyValueSpecification","valueRequired":true,"valueName":"search_term_string"}}],"inLanguage":"fr-FR"}]}},"smush":"Not processed","description":{"rendered":"<p class=\"attachment\"><a href='https:\/\/www.saarhafen.de\/wp-content\/uploads\/sites\/9\/2024\/02\/1000025943-scaled.jpg'><img loading=\"lazy\" decoding=\"async\" width=\"300\" height=\"225\" src=\"https:\/\/www.saarhafen.de\/wp-content\/uploads\/sites\/9\/2024\/02\/1000025943-300x225.jpg\" class=\"attachment-medium size-medium\" alt=\"\" srcset=\"https:\/\/www.saarhafen.de\/wp-content\/uploads\/sites\/9\/2024\/02\/1000025943-300x225.jpg 300w, https:\/\/www.saarhafen.de\/wp-content\/uploads\/sites\/9\/2024\/02\/1000025943-1024x768.jpg 1024w, https:\/\/www.saarhafen.de\/wp-content\/uploads\/sites\/9\/2024\/02\/1000025943-768x576.jpg 768w, https:\/\/www.saarhafen.de\/wp-content\/uploads\/sites\/9\/2024\/02\/1000025943-1536x1152.jpg 1536w, https:\/\/www.saarhafen.de\/wp-content\/uploads\/sites\/9\/2024\/02\/1000025943-2048x1536.jpg 2048w\" sizes=\"auto, (max-width: 300px) 100vw, 300px\" \/><\/a><\/p>\n"},"caption":{"rendered":"<p>Erl\u00e4utern den Status Quo (v.links nach rechts): Rita Gindorf-Wagner, Thomas Schuck, beide Gesch\u00e4ftsf\u00fchrung SCN und Pressesprecher Dr. Jochen Wagner<\/p>\n"},"alt_text":"","media_type":"image","mime_type":"image\/jpeg","media_details":{"width":2560,"height":1920,"file":"2024\/02\/1000025943-scaled.jpg","filesize":664602,"sizes":{"medium":{"file":"1000025943-300x225.jpg","width":300,"height":225,"filesize":18253,"mime_type":"image\/jpeg","source_url":"https:\/\/www.saarhafen.de\/wp-content\/uploads\/sites\/9\/2024\/02\/1000025943-300x225.jpg"},"large":{"file":"1000025943-1024x768.jpg","width":1024,"height":768,"filesize":143730,"mime_type":"image\/jpeg","source_url":"https:\/\/www.saarhafen.de\/wp-content\/uploads\/sites\/9\/2024\/02\/1000025943-1024x768.jpg"},"thumbnail":{"file":"1000025943-150x150.jpg","width":150,"height":150,"filesize":7477,"mime_type":"image\/jpeg","source_url":"https:\/\/www.saarhafen.de\/wp-content\/uploads\/sites\/9\/2024\/02\/1000025943-150x150.jpg"},"medium_large":{"file":"1000025943-768x576.jpg","width":768,"height":576,"filesize":88359,"mime_type":"image\/jpeg","source_url":"https:\/\/www.saarhafen.de\/wp-content\/uploads\/sites\/9\/2024\/02\/1000025943-768x576.jpg"},"1536x1536":{"file":"1000025943-1536x1152.jpg","width":1536,"height":1152,"filesize":283311,"mime_type":"image\/jpeg","source_url":"https:\/\/www.saarhafen.de\/wp-content\/uploads\/sites\/9\/2024\/02\/1000025943-1536x1152.jpg"},"2048x2048":{"file":"1000025943-2048x1536.jpg","width":2048,"height":1536,"filesize":458143,"mime_type":"image\/jpeg","source_url":"https:\/\/www.saarhafen.de\/wp-content\/uploads\/sites\/9\/2024\/02\/1000025943-2048x1536.jpg"},"news-thumb":{"file":"1000025943-480x294.jpg","width":480,"height":294,"filesize":32995,"mime_type":"image\/jpeg","source_url":"https:\/\/www.saarhafen.de\/wp-content\/uploads\/sites\/9\/2024\/02\/1000025943-480x294.jpg"},"ansprechpartner-thumb":{"file":"1000025943-480x394.jpg","width":480,"height":394,"filesize":43676,"mime_type":"image\/jpeg","source_url":"https:\/\/www.saarhafen.de\/wp-content\/uploads\/sites\/9\/2024\/02\/1000025943-480x394.jpg"},"quickguide-thumb":{"file":"1000025943-478x238.jpg","width":478,"height":238,"filesize":26758,"mime_type":"image\/jpeg","source_url":"https:\/\/www.saarhafen.de\/wp-content\/uploads\/sites\/9\/2024\/02\/1000025943-478x238.jpg"},"gallery-thumb":{"file":"1000025943-600x320.jpg","width":600,"height":320,"filesize":41634,"mime_type":"image\/jpeg","source_url":"https:\/\/www.saarhafen.de\/wp-content\/uploads\/sites\/9\/2024\/02\/1000025943-600x320.jpg"},"headerGrafik2000":{"file":"1000025943-2000x680.jpg","width":2000,"height":680,"filesize":208423,"mime_type":"image\/jpeg","source_url":"https:\/\/www.saarhafen.de\/wp-content\/uploads\/sites\/9\/2024\/02\/1000025943-2000x680.jpg"},"full":{"file":"1000025943-scaled.jpg","width":2560,"height":1920,"mime_type":"image\/jpeg","source_url":"https:\/\/www.saarhafen.de\/wp-content\/uploads\/sites\/9\/2024\/02\/1000025943-scaled.jpg"}},"image_meta":{"aperture":"1.8","credit":"","camera":"SM-G781B","caption":"","created_timestamp":"1706782350","copyright":"","focal_length":"5.4","iso":"250","shutter_speed":"0.01","title":"","orientation":"1","keywords":[]},"original_image":"1000025943.jpg"},"post":null,"source_url":"https:\/\/www.saarhafen.de\/wp-content\/uploads\/sites\/9\/2024\/02\/1000025943-scaled.jpg","_links":{"self":[{"href":"https:\/\/www.saarhafen.de\/fr\/wp-json\/wp\/v2\/media\/2592","targetHints":{"allow":["GET"]}}],"collection":[{"href":"https:\/\/www.saarhafen.de\/fr\/wp-json\/wp\/v2\/media"}],"about":[{"href":"https:\/\/www.saarhafen.de\/fr\/wp-json\/wp\/v2\/types\/attachment"}],"author":[{"embeddable":true,"href":"https:\/\/www.saarhafen.de\/fr\/wp-json\/wp\/v2\/users\/7"}],"replies":[{"embeddable":true,"href":"https:\/\/www.saarhafen.de\/fr\/wp-json\/wp\/v2\/comments?post=2592"}]}}

<!-- This site is optimized with the Yoast SEO plugin v27.4 - https://yoast.com/product/yoast-seo-wordpress/ -->
<title>1000025943 - Hafenbetriebe Saar</title>
<meta name="robots" content="index, follow, max-snippet:-1, max-image-preview:large, max-video-preview:-1" />
<link rel="canonical" href="https://www.saarhafen.de/wp-content/uploads/sites/9/2024/02/1000025943-scaled.jpg" />
<meta property="og:locale" content="fr_FR" />
<meta property="og:type" content="article" />
<meta property="og:title" content="1000025943 - Hafenbetriebe Saar" />
<meta property="og:description" content="Erläutern den Status Quo (v.links nach rechts): Rita Gindorf-Wagner, Thomas Schuck, beide Geschäftsführung SCN und Pressesprecher Dr. Jochen Wagner" />
<meta property="og:url" content="https://www.saarhafen.de/wp-content/uploads/sites/9/2024/02/1000025943-scaled.jpg" />
<meta property="og:site_name" content="Hafenbetriebe Saar" />
<meta property="og:image" content="https://www.saarhafen.de/wp-content/uploads/sites/9/2024/02/1000025943-scaled.jpg" />
	<meta property="og:image:width" content="2560" />
	<meta property="og:image:height" content="1920" />
	<meta property="og:image:type" content="image/jpeg" />
<meta name="twitter:card" content="summary_large_image" />
<script type="application/ld+json" class="yoast-schema-graph">{"@context":"https:\/\/schema.org","@graph":[{"@type":"WebPage","@id":"https:\/\/www.saarhafen.de\/wp-content\/uploads\/sites\/9\/2024\/02\/1000025943-scaled.jpg","url":"https:\/\/www.saarhafen.de\/wp-content\/uploads\/sites\/9\/2024\/02\/1000025943-scaled.jpg","name":"1000025943 - Hafenbetriebe Saar","isPartOf":{"@id":"https:\/\/www.saarhafen.de\/#website"},"datePublished":"2024-02-22T10:35:57+00:00","breadcrumb":{"@id":"https:\/\/www.saarhafen.de\/wp-content\/uploads\/sites\/9\/2024\/02\/1000025943-scaled.jpg#breadcrumb"},"inLanguage":"fr-FR","potentialAction":[{"@type":"ReadAction","target":["https:\/\/www.saarhafen.de\/wp-content\/uploads\/sites\/9\/2024\/02\/1000025943-scaled.jpg"]}]},{"@type":"BreadcrumbList","@id":"https:\/\/www.saarhafen.de\/wp-content\/uploads\/sites\/9\/2024\/02\/1000025943-scaled.jpg#breadcrumb","itemListElement":[{"@type":"ListItem","position":1,"name":"Home","item":"https:\/\/www.saarhafen.de\/fr\/"},{"@type":"ListItem","position":2,"name":"1000025943"}]},{"@type":"WebSite","@id":"https:\/\/www.saarhafen.de\/#website","url":"https:\/\/www.saarhafen.de\/","name":"Hafenbetriebe Saar","description":"Eine weitere SHS | Strukturholding Saar Seiten Seite","potentialAction":[{"@type":"SearchAction","target":{"@type":"EntryPoint","urlTemplate":"https:\/\/www.saarhafen.de\/?s={search_term_string}"},"query-input":{"@type":"PropertyValueSpecification","valueRequired":true,"valueName":"search_term_string"}}],"inLanguage":"fr-FR"}]}</script>
<!-- / Yoast SEO plugin. -->

Erläutern den Status Quo (v.links nach rechts): Rita Gindorf-Wagner, Thomas Schuck, beide Geschäftsführung SCN und Pressesprecher Dr. Jochen Wagner

<p>Erläutern den Status Quo (v.links nach rechts): Rita Gindorf-Wagner, Thomas Schuck, beide Geschäftsführung SCN und Pressesprecher Dr. Jochen Wagner</p>
